divisor of w and 18.
18
Suppose d - 50 = -2*o, -3*d - 62 - 13 = -3*o. Let c = -17 + o. Let y be (48/3)/(1/2). Calculate the greatest common factor of y and c.
8
Let m(w) = 2*w + 21. Let g be m(12). What is the greatest common factor of g and 30?
15
Let i be (-6)/(-27) + ((-845)/(-45) - -3). Calculate the greatest common divisor of 11 and i.
11
Suppose -270 = -a - 4*a. Suppose -p - p = -d + 8, 4*d + 3*p = 21. Calculate the greatest common factor of a and d.
6
Let n = -5 + 0. Let x(u) = u**2 + 2*u - 6. Let q be x(n). Suppose 3*v - q = 9. Calculate the greatest common factor of v and 30.
6
Suppose -p = -5*g + 433, 4*p - 1 = 7. Calculate the highest common factor of g and 58.
29
Let c = 18 + -10. Let f = c + -5. Suppose -2*b + 0*u + 2*u = -8, 4*b - f*u = 18. Calculate the highest common divisor of b and 2.
2
Let h = 4 + 4. Suppose -n - 2*u + 3*u = -6, 3*n - 5*u = h. Let o = -3 - -14. Calculate the highest common divisor of o and n.
11
Suppose 2*x = 5*x + 2*g - 8, x = 4*g - 16. Suppose x = z - 10 + 1. Suppose 5*b - z = 2*b. What is the greatest common factor of 33 and b?
3
Let p(r) = 9*r + 6. Let y(o) = -3*o - 2. Let m(g) = -3*p(g) - 8*y(g). Let h be m(-6). Suppose -2*t + h = -8. Calculate the highest common divisor of 108 and t.
12
Let v(z) = -z**2 + 9*z + 9. Let u be v(6). Calculate the greatest common divisor of 45 and u.
9
Suppose 216 = -2*s + 6*s. What is the highest common divisor of s and 135?
27
Let b = 3 - -2. Let l = 9 - b. Suppose l*i + 18 = 5*i. Calculate the greatest common factor of 3 and i.
3
Let c be 9048/38 + (-30)/285. Calculate the greatest common divisor of c and 14.
14
Let g(s) = s**2 + 3*s + 7. Let i be g(-3). What is the greatest common divisor of 21 and i?
7
Let y(t) = t**3 - 5*t**2 - 5*t + 2. Let c be y(6). Calculate the highest common factor of c and 4.
4
Suppose 4*m + k = 27, 4*k + 85 = 4*m + 33. Let f = m + 0. Suppose -94 - 2 = -3*u. Calculate the greatest common divisor of u and f.
8
Let h = 24 - 1. Calculate the highest common divisor of 23 and h.
23
Let n = 50 + -35. Calculate the greatest common factor of n and 15.
15
Let l(n) = 3*n - 8*n - n**2 + 8*n + 13*n - 9. Let a be l(15). Calculate the greatest common divisor of 6 and a.
6
Let w be 10/45 + 248/18. Let y be (-6)/(-9) + 8/6. Calculate the greatest common divisor of w and y.
2
Let f = 249 + -149. Calculate the highest common factor of 20 and f.
20
Suppose 4*a - 3*q = -60, 3*a + 4*q - 5 = -75. Let c = a + 28. Let p be (9 - 1)/((-1)/(-10)). What is the highest common factor of p and c?
10
Let n be 145/2 - 4/8. Suppose -z - 35 = -3*y - y, 0 = 5*z + 15. What is the greatest common factor of y and n?
8
Let t = -181 + 195. Calculate the greatest common factor of 14 and t.
14
Suppose 3*w - 43 = -r, 0*r - 5*r - 4*w + 248 = 0. Calculate the highest common factor of 416 and r.
52
Suppose -l + 114 = 103. What is the greatest common factor of 121 and l?
11
Let w = -65 + 82. What is the highest common divisor of 68 and w?
17
Let y = 7 + -2. Suppose 3 = h + 2. Calculate the highest common factor of h and y.
1
Let n = 350 + -5. Suppose 0 = r - 3*r + 3*s + n, 5*r + 3*s = 810. What is the highest common divisor of 15 and r?
15
Suppose 0 = -5*j + 2*t + 7, j - 4*t = 4*j - 25. Suppose -j*y - 2*y = 2*o - 780, -4*o = -y + 134. Calculate the highest common divisor of y and 22.
22
Suppose -3*u + u + 18 = 0. Calculate the highest common divisor of 72 and u.
9
Suppose 0 = g - 7 + 81. Let f be (-3)/6 - g/4. What is the highest common divisor of 9 and f?
9
Suppose -147 = 4*d + 61. Let s = 20 - d. Calculate the greatest common divisor of s and 9.
9
Let g be (18/(-12))/(1/(-14)). Calculate the greatest common divisor of g and 7.
7
Let k(f) = f**3 + 12*f - 18. Let s be k(4). Calculate the greatest common divisor of s and 235.
47
Let l = -220 + 102. Let j = l - -181. What is the highest common divisor of 7 and j?
7
Suppose -6*i + 10 = -5*i. Suppose 3*y = -c - 0*c + i, -3*y + 40 = -5*c. Let g be ((-2)/(-4))/(y/210). What is the greatest common divisor of 7 and g?
7
Suppose -f + 5*f = -2*p + 40, 5*p + 40 = 4*f. Let n(j) = j + 1. Let h be n(-5). Let l be 154/f - h/(-10). What is the greatest common divisor of 5 and l?
5
Let n = 112 - 94. Let z be (-10)/(8/(-7) - -1). Let l be (-1)/(-4) + z/8. What is the greatest common factor of l and n?
9
Suppose -5*i - 43 = -o, i + 0*i - 172 = -4*o. Let c = o + -30. Calculate the highest common factor of c and 39.
13
Let a be (2/2)/(2/4). Suppose 2*g = -a*g - c + 8, -4*g + 28 = -4*c. Let r be 18/8 + (-3)/(-4). Calculate the greatest common factor of g and r.
3
Let s = -17 + 37. Suppose -q - o - 2 = -5*o, -4*o = 0. Let u be (-3 - q) + 3 + 8. Calculate the greatest common factor of u and s.
10
Suppose 2 = 2*x - x. Suppose -x*c + 67 = -109. What is the highest common factor of c and 11?
11
Suppose -2*s = 5*n - 25, 4*s - 11 = -5*n + 4. Let y(d) = d**3 - 2*d**2 - 4*d. Let p be y(3). Let c = p + n. Calculate the highest common factor of 2 and c.
2
Let h = -44 + 52. Let s(z) = -z**3 - 3*z**2 - 6*z - 6. Let y be s(-4). Let v = 22 + y. Calculate the greatest common divisor of h and v.
8
Let x = 51 + -35. Calculate the greatest common factor of 16 and x.
16
Suppose -2*s + a = -81, 183 = 5*s - 2*a + 6*a. What is the greatest common factor of s and 65?
13
Suppose -4*u = x - 34, 0 = -5*x + 6*x + 5*u - 39. Calculate the highest common factor of 154 and x.
14
Suppose 13*g - 81 = 12*g. Calculate the greatest common factor of g and 9.
9
Let a be (-3 - 3/(-3)) + -1. Let y be (-14)/(-4)*(5 + a). What is the highest common factor of 77 and y?
7
Suppose -2*g + 2 = -14. Let j = 2 + 6. Calculate the highest common factor of j and g.
8
Let q(o) = 4*o**2 - 2*o + 1. Let w be q(2). Let s be (21 - w)*(-5)/(-1). Calculate the highest common factor of s and 8.
8
Suppose 0 = -w - 3*w + 48. Let u(x) = x**2 - 11*x + 30. Let s be u(9). Calculate the highest common factor of s and w.
12
Let d(p) be the first derivative of -5*p**2 - 6*p + 11. Let l be d(-7). Calculate the highest common divisor of 16 and l.
16
Let z = -4 + 6. Suppose -m - 2*v - 10 = z*m, -5*m = -5*v - 25. Let b(g) = g**2 - g + 28. Let d be b(m). What is the highest common factor of 70 and d?
14
Suppose -5 = -3*j + 1. Let f(o) = o**2 - 6*o - 5. Let i be f(7). Let m be (-4)/(1/i*-1). Calculate the greatest common divisor of m and j.
2
Suppose -p = -2*p + 13. Suppose -c + 78 = -p. Suppose 0 = -2*i - 5*s + 46, -2*i - 81 = -7*i - 4*s. Calculate the greatest common divisor of c and i.
13
Suppose 0 = k + 5*m - 0*m - 25, m = k - 7. What is the highest common factor of 5 and k?
5
Let i be (5/(-4))/(2/(-8)). Suppose d - 421 = -k - 3*k, 4*k = i*d + 415. Calculate the highest common factor of k and 21.
21
Let h = -1 - -7. Let p be 8/h*(-30)/(-10). What is the greatest common factor of 1 and p?
1
Let n(q) = q**3 - 4*q**2 - 3*q - 4. Let y be n(5). Suppose -t + 24 = 2*s, t + 0*t - 3 = 5*s. Calculate the greatest common factor of t and y.
6
Let b be (2 - -9)*3/(18/84). What is the highest common factor of b and 22?
22
Let x(w) = -2*w**3 - 2*w**2 + 1. Suppose 0*i - 2*i = -4. Let n be x(i). Let t = 39 + n. What is the greatest common divisor of 32 and t?
16
Let f = 28 + -12. What is the highest common divisor of f and 4?
4
Let u = 1076 - 644. Suppose u = 3*i + i. Let v = 84 + -72. Calculate the highest common factor of v and i.
12
Let w(j) = -j**2 + 9*j - 4. Let b be w(5). Let v be -1 - (-1 + -1) - -1. Calculate the greatest common divisor of b and v.
2
Suppose -x + 106 = 3*c, -2*x + 69 = 2*c - 3*x. Calculate the greatest common divisor of 7 and c.
7
Let y = 24 + 8. What is the highest common divisor of y and 8?
8
Let n(v) = 4*v**2 + 3*v - 1. Let y be n(-4). What is the highest common factor of y and 85?
17
Let t(l) = l**3 + 7*l**2 - 8*l + 4. Let g be t(-8). Let i be 2/((-4)/2) - 2. Let v = g + i. Calculate the highest common divisor of 1 and v.
1
Suppose j = -4*j + 440. Suppose 2 = 3*y - j. What is the greatest common factor of y and 60?
30
Suppose -11 + 55 = 2*x - k, 4*k + 80 = 4*x. Calculate the greatest common divisor of x and 168.
24
Let y(k) = 4*k**2 + 2*k - 5. Let i be y(5). Let w be -1 + -1 + -1 + -34. Let n = 58 + w. What is the highest common divisor of n and i?
21
Suppose 5*a + 29 = -n, -a + 4 - 15 = -5*n. Let j = a - -6. Suppose j